et c = d + -15. Let a = -4 + c. What is the greatest common divisor of 14 and a?
2
Let k be 1 + -14*(-3)/6. Suppose -2 = -3*g - 3*r + 1, -2*g + 6 = 4*r. Let z(d) = 13*d**2 - 1. Let a be z(g). What is the highest common divisor of a and k?
4
Suppose 5*r - 126 - 124 = 0. Calculate the highest common factor of 10 and r.
10
Let m = -8 - 6. Let t(a) = a**2 + 11*a + 2. Let u be t(m). What is the greatest common divisor of 110 and u?
22
Suppose 6*l - 216 = 3*l. What is the highest common divisor of 9 and l?
9
Let v be 252/20 - 3/5. What is the greatest common divisor of v and 8?
4
Let f be 2/(-5) - 28/5. Let r = f - -10. Suppose -r*k + 326 = -58. What is the greatest common divisor of k and 12?
12
Suppose -2*l = -2*w - 6, -4*w + 42 = 5*l - 0*w. What is the greatest common factor of 120 and l?
6
Let g(w) = w**2 + 6*w + 5. Let s be g(-6). Suppose -s*z + 396 = -z. Let h be (242/(-55))/(2/(-5)). What is the highest common divisor of h and z?
11
Let j(b) = b - 1. Let p(s) = -s - 7. Let g(m) = -j(m) + p(m). Let q be g(-9). Let h be (3*-2)/(1/(-14)). What is the greatest common divisor of q and h?
12
Let b = 1 - -1. Suppose -b*y - 5 = -25. What is the greatest common factor of y and 25?
5
Suppose 0 = -0*l + 2*l - 2. Let u be 1/1 - (-213)/l. Suppose -8*f + 4*f = -3*p - 182, -5*f - 3*p + u = 0. Calculate the greatest common factor of f and 4.
4
Suppose -d = 4 - 44. What is the greatest common factor of d and 10?
10
Let w be (-10)/(-3)*9/5*18. Calculate the highest common divisor of w and 36.
36
Let v be 11/2*(0 + 2). Suppose 0*p - v = -p. Suppose -4*n + 204 = -192. What is the highest common factor of n and p?
11
Suppose 25*g = 29*g - 36. Let y(q) = -2*q - 8. Let h be y(-7). What is the highest common factor of h and g?
3
Let g be (-3)/(-2)*(-84)/(-9). Suppose 6*n - 6 = 3*n. Calculate the highest common factor of n and g.
2
Suppose 278 - 2086 = -4*a + 4*j, 0 = j + 4. Suppose 6*b = 2*b + a. What is the greatest common divisor of 16 and b?
16
Suppose -21 = -2*z + 3. What is the highest common divisor of 8 and z?
4
Let i be -3 + 2 + (-9)/3. Suppose 2*z = 23 + 15. Let n = i + z. What is the greatest common divisor of 5 and n?
5
Suppose 2*m - m - 3*j - 6 = 0, 0 = 2*j - 4. Let y = 21 + m. What is the highest common divisor of 11 and y?
11
Let q(l) = l**3 - 8*l**2 + 9*l - 5. Let g be q(7). What is the greatest common divisor of g and 27?
9
Suppose 0*h - 40 = -h. Suppose 2*g - 20 = -48. Let w be (2/(-3))/(g/105). What is the greatest common factor of h and w?
5
Let p(g) = -g + 1. Let d be p(-3). Calculate the highest common factor of d and 32.
4
Suppose 20 = y + 3*y. Suppose 35 = c - o, c + 2*c = y*o + 115. Calculate the highest common divisor of c and 45.
15
Suppose -5*l + 8*h - 6*h = -122, h = -3*l + 71. Calculate the greatest common divisor of l and 216.
24
Let j be (24/18)/(2/18). Calculate the highest common factor of 108 and j.
12
Suppose -2*y + 455 = i + 169, -4*i - 296 = -2*y. What is the highest common divisor of y and 16?
16
Suppose -3*v = -4*c - 179, 197 + 148 = 5*v + 5*c. What is the greatest common factor of v and 13?
13
Let k(b) = b**2 + 11*b - 13. Let h be k(-12). Let v be (8*h)/(2/(-21)). Calculate the highest common factor of v and 12.
12
Let f(z) = -z**3 - 7*z**2 - 8*z. Let q = -5 + -1. Let m be f(q). Let w(t) = -t + 30. Let h be w(0). What is the highest common factor of h and m?
6
Let q(l) = 53*l - 4. Let n be q(1). What is the greatest common divisor of 245 and n?
49
Let m be 90/6*8/10. Calculate the highest common factor of m and 60.
12
Let a = 72 - 70. Calculate the highest common factor of a and 3.
1
Let g be (2/4)/((-2)/(-88)). Let t = 33 - 22. What is the highest common factor of t and g?
11
Let s be 36 + 7*2/(-7)*-1. Calculate the greatest common divisor of 19 and s.
19
Let z = -13 + 31. What is the greatest common factor of z and 126?
18
Let w(i) = 5*i - 2 + 5 - i**2 - 5. Let u be w(4). Suppose 0 = 4*y - 7*h + 2*h - 66, 0 = u*y - 5*h - 38. What is the greatest common divisor of y and 35?
7
Suppose 135 = 4*q + 5*c, -2*q + 21 + 42 = c. Calculate the greatest common divisor of q and 75.
15
Let h(s) = 2*s**2 - 9*s + 8. Let c be h(8). Suppose 0 = 4*b - 4*j - c, 3*b + 0*j = j + 44. What is the greatest common divisor of b and 154?
14
Let n = 5 - 5. Suppose n = -o - 3*o + 160. What is the highest common factor of 10 and o?
10
Suppose -2*w + 4*w = -5*l + 65, -5*l + 5*w + 100 = 0. What is the highest common divisor of 60 and l?
15
Let i be (7/((-42)/(-72)))/((-6)/(-44)). Calculate the highest common factor of i and 44.
44
Let i = 21 + -3. Calculate the greatest common divisor of 18 and i.
18
Let y be 2/(-3 + (-146)/(-50)). Let u = y - -49. What is the greatest common divisor of u and 24?
24
Suppose k + k + 2*r - 202 = 0, -r - 193 = -2*k. What is the greatest common factor of k and 14?
14
Suppose h - 6 - 26 = 0. Calculate the highest common factor of h and 128.
32
Suppose -3*a - a + 3*o + 47 = 0, 5*o = -4*a + 7. Let v = -12 - -24. What is the highest common divisor of a and v?
4
Let q(a) = -19*a**3 + 2*a**2 + a. Let s be q(-1). What is the highest common factor of s and 2?
2
Let v(x) = x + 13. Suppose -4*c - 3*n = -0*n + 32, -c - 19 = -2*n. Let b = -17 - c. Let i be v(b). Calculate the highest common factor of i and 35.
7
Let s(d) = d**3 + 7*d**2 + 6*d + 6. Let y be s(-5). Suppose 0 = -4*x + 104. What is the highest common factor of x and y?
26
Let s(d) = 2*d**2. Let h be s(-3). Let i(r) = r**2 + 16*r - 45. Let u be i(-19). Calculate the highest common factor of h and u.
6
Let g(w) = -3*w**3 + w - 2. Let v be g(2). Let f = 28 + v. What is the greatest common divisor of f and 32?
4
Suppose h + 5*u + 132 = 2*h, 3*h - 3*u - 336 = 0. Suppose -567 = -4*v - h. What is the greatest common factor of 46 and v?
23
Let t = -277 - -486. Let l be 2/3 + (-55)/(-3). What is the greatest common factor of l and t?
19
Let u be ((-30)/(-8))/((-18)/(-48)). Calculate the greatest common factor of u and 70.
10
Suppose -2*a - 2*s + 0*s + 14 = 0, 0 = -4*s + 8. Let x be -1 + 1*(-39)/3. Let j = 26 - x. Calculate the greatest common factor of a and j.
5
Suppose -15 = 2*o - 35. Let w be 92/9 + o/(-45). Suppose -2*c + 182 = -3*k + 2*k, -4*k = 5*c - 442. What is the highest common factor of c and w?
10
Suppose -6*d - 2*z - 1 = -3*d, 2*d + 4*z = -14. Suppose -3*w + 739 = -q + 5*q, d*w - 926 = -5*q. What is the highest common factor of 17 and q?
17
Let v be (-1 - 7/4)*-4. Suppose -6*q = -46 - 8. Let m(d) = d**3 - 7*d**2 - 8*d - 2. Let t be m(q). Calculate the highest common divisor of v and t.
11
Let a = -7 + 7. Suppose 2*i = a, 0 = -4*b - 0*b - i - 4. Let l = b + 8. Calculate the highest common factor of 28 and l.
7
Let d = 27 + -26. What is the highest common divisor of d and 3?
1
Suppose 3*k - 4*q + 36 = -q, 2*k + q = -9. Let p(f) = 6*f**2 + 10*f + 7. Let o be p(k). Calculate the highest common divisor of 21 and o.
21
Let q(z) be the second derivative of z**4/12 - 7*z**3/6 + 9*z**2/2 + 4*z. Let x be q(9). Calculate the greatest common divisor of 18 and x.
9
Suppose 3 = -3*f - 3. Let n be 0 + 17 - (f - -1). Calculate the greatest common divisor of 72 and n.
18
Let s = 3 - -23. What is the highest common divisor of s and 78?
26
Let d(g) = 2*g**2. Let i = 5 + -4. Let a be d(i). What is the greatest common divisor of a and 2?
2
Let n be 9*3/(3/3). Calculate the greatest common factor of 9 and n.
9
Let r be 0 + (2 - -1)*1. Let y(t) = 7*t - 1. Let j be y(r). Calculate the highest common factor of 160 and j.
20
Let b be (12/3)/(4/14). Suppose -4 = -5*w + 3*n + 50, 0 = -5*n - 15. Suppose w*m = 5*m + 112. What is the greatest common divisor of b and m?
14
Suppose -529 = -4*g - 77. Suppose -2*h = 5*z - 29, -5*h - 3*z + g = -4*z. Let k = h - 10. What is the greatest common divisor of 8 and k?
4
Suppose 3*s = -o + 92, 4*o = -4*s + 152 - 40. Let h be s/3*162/24. Calculate the highest common factor of h and 8.
8
Let n be ((-8)/(-10))/(1/10). Let i = 11 - n. Calculate the greatest common divisor of 33 and i.
3
Suppose -5*h = 38 - 478. Calculate the highest common factor of h and 8.
8
Let u be (-6)/42 + (2 - 1612/(-14)). What is the highest common divisor of 13 and u?
13
Suppose 2*h - 540 = -16*h. Calculate the highest common divisor of h and 45.
15
Let s be (-457)/(-4) + 27/36. Calculate